termine d(-25).
-9
Let x(y) = -5*y**2 + 6*y + 63. Determine x(3).
36
Let l(y) = 6253*y + 25105. Give l(-4).
93
Let p(m) = -4*m**2 - 89*m + 114. Calculate p(-24).
-54
Let f(h) = -26*h - 3587. What is f(-138)?
1
Let r(c) = c**2 - 110*c - 3. What is r(0)?
-3
Let z(c) = c**2 - 427*c + 860. Calculate z(2).
10
Let a(l) = -2*l**2 + 37*l - 131. Give a(14).
-5
Let g(x) = 119*x + 103. Determine g(-1).
-16
Let r(g) = g**2 - 183*g - 553. Calculate r(-3).
5
Let v(z) = z**3 - 44*z**2 + 313*z + 1. Calculate v(9).
-17
Let x(r) = -25*r + 54. What is x(14)?
-296
Let z(h) = -h**2 - 2008*h - 15991. What is z(-8)?
9
Let x(r) = r**3 + 5*r**2 - 15*r - 99. Determine x(-5).
-24
Let t(m) = 18*m**2 + 97*m - 197. What is t(-7)?
6
Let q(c) = -2*c**2 - 1481*c + 65734. What is q(42)?
4
Let k(i) = -2*i**2 - 53*i + 266. What is k(-31)?
-13
Let p(f) = -2*f**3 - 15*f**2 - 41*f - 6. Give p(-4).
46
Let u(j) = j**3 + 9*j**2 - 54*j - 435. Give u(-10).
5
Let l(o) = 86*o + 106. Determine l(5).
536
Let l(s) = 10*s**2 + 107*s + 36. Calculate l(-6).
-246
Let x(b) = 602*b - 7231. What is x(12)?
-7
Let v(w) = w**3 - w**2 - 15*w - 21. Determine v(-7).
-308
Let h(k) = 2*k**2 + 40*k + 7. What is h(-20)?
7
Let r(x) = 16*x**2 + x + 15. What is r(3)?
162
Let r(w) = -1179*w + 22378. Calculate r(19).
-23
Let q(p) = 3*p**3 - 6*p**2 + 14*p + 24. Calculate q(5).
319
Let g(j) = 182*j + 203. Calculate g(-1).
21
Let w(c) = -92*c - 31. Give w(-2).
153
Let q(u) = u**2 + 2051*u - 4103. Calculate q(2).
3
Let o(j) = 86*j + 1209. Give o(-14).
5
Let p(w) = -96*w + 494. Give p(5).
14
Let s(p) = -2*p**3 + 20*p**2 - 5*p - 5. What is s(9)?
112
Let g(d) = -3*d**3 + 46*d**2 - 90*d - 30. What is g(13)?
-17
Let l(a) = a**3 - a**2 - 68*a - 221. What is l(-6)?
-65
Let n(u) = 184*u - 1612. Calculate n(9).
44
Let x(n) = 395*n - 5487. What is x(14)?
43
Let q(u) = u**2 - 874. Give q(-33).
215
Let v(a) = -3*a**3 - 66*a**2 + 81*a + 65. Determine v(-23).
-211
Let s(z) = -z**3 - 29*z**2 + 95*z - 38. Determine s(-32).
-6
Let k(o) = -11*o + 876. Determine k(82).
-26
Let s(u) = 13*u**3 + 12*u**2 + 15*u + 3. Determine s(-1).
-13
Let p(o) = o**3 + 2*o + 110. What is p(0)?
110
Let q(c) = c**3 - 30*c**2 + 53*c - 66. Give q(28).
-150
Let n(y) = 335*y + 5695. Give n(-17).
0
Let z(p) = -p**3 + 125*p**2 + 3*p - 382. Determine z(125).
-7
Let n(i) = -175*i**2 + 4*i - 41. Calculate n(0).
-41
Let z(r) = -r**3 - 66*r - 633. What is z(-7)?
172
Let l(y) = 26*y + 552. Determine l(-23).
-46
Let v(c) = -c**3 - 6*c**2 + 19*c - 10. Give v(-5).
-130
Let h(g) = -41*g - 433. Calculate h(-10).
-23
Let o(u) = 9188*u - 18381. Calculate o(2).
-5
Let r(k) = 100*k - 3425. Determine r(34).
-25
Let p(i) = 26*i**2 - 171*i + 108. Determine p(6).
18
Let a(f) = 36*f - 583. What is a(15)?
-43
Let x(o) = o**2 + 4*o - 541. Give x(19).
-104
Let r(k) = -29*k + 101. Give r(4).
-15
Let g(j) = -j**2 - 232*j + 1427. Give g(6).
-1
Let j(k) = -80*k - 328. Give j(-7).
232
Let d(h) = h**3 + h**2 - 354*h + 12. What is d(0)?
12
Let i(s) = 2*s**3 + 35*s**2 - 23*s - 60. Calculate i(-18).
30
Let t(h) = -h**3 + 33*h**2 - 60*h - 102. Calculate t(31).
-40
Let b(p) = -17*p - 638. Determine b(-37).
-9
Let y(t) = 25*t - 1732. Give y(71).
43
Let x(n) = -n**2 + 9*n + 29. What is x(8)?
37
Let b(x) = -8*x**3 + 69*x**2 + 21*x - 90. What is b(9)?
-144
Let f(s) = -15*s**2 - 51*s - 7. What is f(-4)?
-43
Let a(r) = 20*r - 761. Determine a(35).
-61
Let x(g) = -15*g**2 + 118*g - 455. Give x(4).
-223
Let h(y) = -y**3 - 13*y**2 + 95*y + 1265. Determine h(-13).
30
Let i(k) = -2*k**3 - 29*k**2 - 9*k + 52. Calculate i(-14).
-18
Let z(v) = -v**2 - 42*v - 387. What is z(-28)?
5
Let g(h) = 4*h**2 + 301*h + 72. Give g(-75).
-3
Let h(k) = -5*k**2 - 144*k + 1485. Determine h(8).
13
Let j(c) = c**3 - 15*c**2 + 23*c + 6. Calculate j(13).
-33
Let q(w) = -3*w**3 + 54*w**2 - 201*w - 2. What is q(4)?
-134
Let p(u) = u**3 + 63*u**2 + 574*u + 101. Calculate p(-52).
-3
Let t(n) = -5396*n - 16197. What is t(-3)?
-9
Let v(f) = -f**2 + 179*f + 726. Determine v(-4).
-6
Let n(j) = j**2 - 7*j + 95. What is n(0)?
95
Let t(f) = -32*f - 317. Determine t(-10).
3
Let q(k) = -52*k**2 - 113*k - 2. Give q(-2).
16
Let h(v) = -v**3 + 17*v**2 - 26*v - 42. Give h(12).
366
Let t(w) = -w**3 + w**2 + 98*w + 301. Calculate t(-7).
7
Let g(w) = 2*w**3 + 21*w**2 + 28*w + 448. Determine g(-11).
19
Let z(f) = f**2 - 186*f + 565. What is z(3)?
16
Let p(g) = -16*g**2 - 126*g - 7. Give p(-8).
-23
Let u(s) = -8*s**2 + 3*s - 41. What is u(0)?
-41
Let m(f) = 89*f - 2637. What is m(30)?
33
Let c(u) = -131*u - 6936. Give c(-53).
7
Let i(s) = -s**3 - 109*s**2 + 7132*s - 70. Give i(46).
22
Let a(o) = -3*o**3 - 7*o**2 - o + 8. Calculate a(-5).
213
Let k(v) = 297*v - 2097. What is k(7)?
-18
Let c(h) = h**3 + 29*h**2 - 73*h + 738. Determine c(-32).
2
Let r(t) = 26*t + 905. Calculate r(-35).
-5
Let i(m) = 38*m**2 + 8*m + 2. Give i(-1).
32
Let n(d) = -d**2 + 4*d + 3126. What is n(-54)?
-6
Let m(c) = -103*c - 6191. Determine m(-60).
-11
Let q(o) = -133*o + 412. Calculate q(3).
13
Let t(v) = -9*v**3 - 7*v**2 + 15*v - 9. Determine t(1).
-10
Let h(a) = 444*a - 12. Determine h(1).
432
Let b(w) = -w**2 - 92*w - 1754. Calculate b(-65).
1
Let k(r) = 3*r + 76. What is k(-22)?
10
Let g(q) = -q**3 - 9*q**2 + 123*q + 1176. Determine g(-11).
65
Let h(v) = -v**2 + 7*v + 27. Calculate h(0).
27
Let i(w) = -5*w**3 + 4*w**2 - 2*w - 59. Determine i(5).
-594
Let y(f) = -15*f**2 + 62*f - 115. Determine y(2).
-51
Let f(x) = -2*x**2 - 55*x - 371. Determine f(-14).
7
Let d(r) = -964*r - 968. What is d(-1)?
-4
Let r(t) = -12*t**2 - 36*t + 214. Calculate r(-6).
-2
Let t(i) = -i**2 - i - 118. Determine t(0).
-118
Let f(q) = -527*q - 6338. Give f(-12).
-14
Let l(u) = u**3 - 20*u**2 - 71*u + 64. Determine l(23).
18
Let n(m) = -m**2 + 41*m + 1624. What is n(65)?
64
Let t(u) = -u**3 + 2*u**2 + 16*u. Determine t(-3).
-3
Let k(g) = 19*g**2 - 8*g - 1. Calculate k(-2).
91
Let b(c) = c**2 - 4592*c - 22987. Determine b(-5).
-2
Let m(o) = -3*o**2 - 30*o + 78. Calculate m(-12).
6
Let v(f) = 2*f**3 - 43*f**2 + 44*f + 8. Give v(20).
-312
Let c(j) = 62*j - 1793. Determine c(29).
5
Let w(q) = q**2 + 419*q + 28646. Determine w(-86).
8
Let l(i) = -6*i**2 + 74*i + 52. Calculate l(13).
0
Let a(c) = -18*c**2 - 37*c + 4. Calculate a(1).
-51
Let a(u) = u**2 + 248*u + 5566. Calculate a(-25).
-9
Let u(w) = -w**3 + 7*w**2 - 24*w - 105. Determine u(-6).
507
Let p(n) = n**3 - 6*n**2 - 59*n - 12. Calculate p(-8).
-436
Let j(d) = d**2 - 91*d + 658. Give j(8).
-6
Let t(f) = 8*f**2 + 142*f + 96. Determine t(-17).
-6
Let d(x) = -2*x**2 - 6*x + 23. Calculate d(0).
23
Let a(j) = -2*j**3 - 29*j**2 + 87*j + 34. Determine a(-17).
0
Let c(z) = -3*z - 96. What is c(-48)?
48
Let x(w) = w**2 + 26*w + 66. Determine x(-23).
-3
Let f(c) = 253*c + 68. Give f(-4).
-944
Let u(p) = -220*p - 3752. Determine u(-17).
-12
Let z(p) = 3906*p - 7816. Give z(2).
-4
Let f(v) = -2*v - 133. What is f(-32)?
-69
Let i(f) = 4*f**2 - 9*f - 38. What is i(-5)?
107
Let a(m) = -80*m**3 + 402*m**2 - 14*m + 14. Give a(5).
-6
Let c(o) = 4*o**2 + 8*o + 4. Determine c(-1).
0
Let i(x) = x**2 + 25*x + 16. Calculate i(-18).
-110
Let r(u) = 6*u**2 - 176*u - 4221. What is r(45)?
9
Let d(n) = -116*n - 10777. Give d(-93).
11
Let y(w) = -1104*w - 12147. Calculate y(-11).
-3
Let g(q) = q**2 + 23*q - 36. Calculate g(-21).
-78
Let r(c) = -c**3 + 5*c**2 - 19*c + 96. Give r(8).
-248
Let u(h) = -h**3 + 41*h**2 - 84*h + 149. Calculate u(39).
-85
Let s(o) = -11*o + 933. Give s(84).
9
Let f(q) = -454*q - 7249. What is f(-16)?
15
Let g(a) = -50*a - 526. Calculate g(-12).
74
Let z(a) = -25*a**3 - 131*a**2 - 28*a + 7. What is z(-5)?
-3
Let n(c) = 15*c - 71. What is n(5)?
4
Let x(o) = -3*o**3 - 209*o**2 + 282*o - 145. Determine x(-71).
-3
Let r(z) = z**3 - 137*z**2 + 915*z - 44. Calculate r(7).
-9
Let a(i) = 178*i**3 + 3*i + 2. Determine a(-1).
-179
Let m(w) = 2*w**3 + 44*w**2 + 10*w + 207. Calculate m(-22).
-13
Let f(k) = k**2 - 173*k + 7504. What is f(87)?
22
Let r(w) = w**3 - 14*w**2 - 172*w + 2218. Calculate r(16).
-22
Let j(v) = 4*v**2 - 53*v + 49. What is j(11)?
-50
Let q(f) = 2*f**3 - 724*f**2 - 759*f + 11971. Determine q(363).
-8
Let p(b) = b**3 + 2*b**2 - 39*b - 35. Determine p(6).
19
Let f(m) = -45*m**3 + 4*m**2 + 4*m. Calculate f(1).
-37
Let g(h) = -151*h - 553.